 - 76. Determine g(-6).
8
Let f(h) = 7*h**3 + 74*h**2 - 26*h + 73. Give f(-11).
-4
Let q(z) = 2*z**3 + 112*z**2 - 351*z - 6888. Calculate q(-58).
14
Let f(r) = -7*r + 673. Calculate f(45).
358
Let s(j) = -25*j + 47. What is s(3)?
-28
Let o(l) = -l**2 - 49*l + 20. Give o(-46).
158
Let f(r) = -r**2 - 3*r - 20. What is f(-4)?
-24
Let w(s) = s**2 - 764*s + 1527. What is w(2)?
3
Let z(y) = -18*y + 42. Give z(2).
6
Let v(i) = -4*i**2 + 217*i - 266. What is v(53)?
-1
Let m(n) = 31*n + 300. Determine m(-16).
-196
Let d(b) = 2*b**2 + 28*b - 1. Determine d(-15).
29
Let h(l) = -2*l**2 + 43*l + 74. What is h(23)?
5
Let q(y) = 100*y**3 - 2*y**2 + 2*y. What is q(1)?
100
Let f(s) = s**2 + 18*s + 13. What is f(-13)?
-52
Let m(d) = -20*d + 873. Give m(46).
-47
Let n(v) = -4*v**2 - 20*v - 1. Give n(-5).
-1
Let h(f) = 40*f - 1415. Calculate h(40).
185
Let p(i) = 862*i - 24959. Determine p(29).
39
Let u(q) = q**3 - 20*q**2 - 21*q. Determine u(21).
0
Let t(n) = -9*n**2 + 66*n + 5. Calculate t(7).
26
Let p(h) = h**3 + 39*h**2 + 519*h + 16465. Determine p(-37).
0
Let c(g) = 569*g - 53481. Determine c(94).
5
Let z(x) = -4*x**2 - 18*x + 7. Give z(-11).
-279
Let b(z) = -8*z**2 - 6664*z - 6665. What is b(-1)?
-9
Let a(o) = -o**3 + 10*o**2 - 72*o + 568. What is a(9)?
1
Let j(r) = 7*r**3 + 22*r**2 - 8*r - 11. Give j(-5).
-296
Let x(i) = -i**3 + 4*i**2 - 409*i + 815. Calculate x(2).
5
Let p(t) = -11*t**2 - 63*t - 105. Calculate p(-3).
-15
Let k(g) = -16*g + 66. Give k(6).
-30
Let h(b) = 3*b**2 - 9*b - 14. What is h(-4)?
70
Let n(j) = -3*j**2 - 339*j - 7. Give n(0).
-7
Let y(w) = -7*w - 629. Determine y(-87).
-20
Let q(y) = 9*y**2 - 139*y + 136. Give q(14).
-46
Let f(c) = -5*c**2 + 97*c + 28. Give f(15).
358
Let z(l) = -5*l**2 - l - 48. Give z(0).
-48
Let h(v) = -37*v**2 - 421*v - 148. What is h(-11)?
6
Let q(d) = -d**2 - 43*d - 376. Give q(-13).
14
Let j(a) = -11*a + 287. Give j(25).
12
Let n(k) = -k**2 - 11*k + 79. What is n(10)?
-131
Let m(q) = q**3 - 7*q**2 - 407*q + 13. Calculate m(-17).
-4
Let l(z) = 886*z + 7. Determine l(0).
7
Let f(y) = 2*y + 235. Determine f(-24).
187
Let v(p) = -12335*p + 12328. What is v(1)?
-7
Let f(i) = -2*i**2 - 40*i - 98. What is f(-6)?
70
Let n(b) = 135*b**3 - 3*b**2 + 2. Give n(-1).
-136
Let j(x) = -x**3 - 25*x**2 + 346*x - 145. Calculate j(-35).
-5
Let v(l) = -5*l**3 + 38*l**2 - 26*l + 335. Give v(8).
-1
Let x(w) = -2*w**2 - 17*w - 15. What is x(12)?
-507
Let z(s) = 2*s**2 - 118*s - 2123. What is z(76)?
461
Let h(d) = -2*d**3 + 6*d**2 - 2*d - 6. Give h(4).
-46
Let g(b) = -b**3 + 2*b**2 - 27*b - 317. Calculate g(-5).
-7
Let s(r) = 64*r - 30. Calculate s(3).
162
Let q(r) = -13*r + 27. Determine q(-9).
144
Let y(q) = 107*q**2 - 72*q - 71. Determine y(-1).
108
Let z(a) = 8*a**2 + 11*a. Give z(0).
0
Let j(d) = 30*d + 89. Determine j(-6).
-91
Let q(z) = -82*z**3 + 7*z**2 - 8*z. Calculate q(2).
-644
Let o(t) = -30*t + 598. What is o(19)?
28
Let j(v) = -3*v**3 - 50*v**2 - 33*v - 18. Give j(-16).
-2
Let s(w) = w**3 - 71*w**2 + 147*w - 622. Calculate s(69).
-1
Let n(i) = 68*i + 1603. Calculate n(-21).
175
Let o(y) = 861*y - 3422. Determine o(4).
22
Let q(m) = -m - 10. Determine q(-1).
-9
Let r(f) = 23*f + 31. Determine r(-14).
-291
Let a(n) = -2316*n - 4614. What is a(-2)?
18
Let g(v) = -651*v + 151042. Determine g(232).
10
Let b(m) = m**3 + 92*m**2 + 1061*m - 2419. Calculate b(-78).
-1
Let v(w) = w**3 - 50*w**2 - 154*w - 261. Determine v(53).
4
Let b(z) = -427*z + 10. Determine b(-1).
437
Let p(m) = -3*m**3 + 185*m**2 - 120*m - 124. Give p(61).
-2
Let s(l) = -88*l**2 + 21033*l - 237. Give s(239).
2
Let q(d) = -d**3 - 4*d**2 + 37*d + 48. Give q(-8).
8
Let t(q) = -14*q + 14. Determine t(18).
-238
Let w(z) = 2*z**2 + 14*z - 14. Give w(-5).
-34
Let p(v) = -v**3 + 34*v**2 - 50*v - 447. Calculate p(32).
1
Let s(y) = -262*y - 267. Calculate s(-1).
-5
Let o(w) = -3*w**2 + 36*w - 4. What is o(12)?
-4
Let j(g) = g**2 - 275*g + 8398. Calculate j(35).
-2
Let u(f) = -24*f**3 - 1031*f**2 + 45*f + 107. What is u(-43)?
21
Let l(n) = -n**2 + 1870*n - 7469. Calculate l(4).
-5
Let n(r) = r**3 - 91*r**2 - 92*r - 57. Give n(92).
-57
Let v(n) = n**2 + 53*n + 121. What is v(-50)?
-29
Let y(c) = -2*c**2 - 58*c - 44. Calculate y(-32).
-236
Let l(y) = 660*y + 123428. What is l(-187)?
8
Let o(w) = 53*w - 719. What is o(15)?
76
Let b(u) = -u**3 - 4*u**2 + 61*u + 282. Determine b(-4).
38
Let x(a) = a**3 + 35*a**2 - 82*a - 273. What is x(-37)?
23
Let s(o) = -296*o + 553. Give s(2).
-39
Let v(p) = -p**2 - 215*p - 658. Give v(-3).
-22
Let g(m) = 28*m + 361. Determine g(-13).
-3
Let v(k) = k**3 + 14*k**2 - 39*k - 7. Determine v(-16).
105
Let l(n) = 3*n**2 - 6*n + 5. Determine l(0).
5
Let i(z) = -145*z + 298. Determine i(2).
8
Let x(g) = -g**3 + 31*g**2 + 37*g - 74. Calculate x(32).
86
Let f(y) = -3*y**3 - 7*y**2 + 5*y + 1. What is f(2)?
-41
Let l(w) = -w**2 + 44*w + 82. Give l(46).
-10
Let z(f) = -f**3 - 62*f**2 - 179*f - 87. What is z(-59)?
31
Let y(l) = -l**3 - 38*l**2 + 164*l - 16. Determine y(-42).
152
Let f(k) = 19*k**2 + 79*k + 14. Give f(-6).
224
Let b(q) = -50*q - 3972. Determine b(-79).
-22
Let w(y) = y**2 - 39*y - 501. Give w(48).
-69
Let a(z) = 3*z**2 - 127*z + 1332. Calculate a(19).
2
Let g(h) = h**3 - 93*h**2 + 94*h - 195. Calculate g(92).
-11
Let q(j) = 17*j**3 + 33*j**2 - 16*j - 36. Determine q(-2).
-8
Let a(c) = c**3 + 12*c**2 - 23*c - 5. Calculate a(2).
5
Let u(q) = -91*q + 289. Give u(4).
-75
Let m(c) = -2*c**3 - 103*c**2 + 53*c - 1. Calculate m(-52).
-53
Let d(g) = -15*g**2 + 1052*g - 144. Determine d(70).
-4
Let r(p) = 91*p**2 - 50*p + 109. Determine r(2).
373
Let k(r) = -3*r**2 - 33*r - 93. Give k(-6).
-3
Let z(d) = d**2 - 153*d + 3109. Give z(24).
13
Let b(q) = -2*q**3 - 73*q**2 - 39*q - 114. What is b(-36)?
-6
Let j(s) = -s**3 - 7*s**2 - 13*s - 4. Determine j(-9).
275
Let o(g) = 15*g + 32. Give o(1).
47
Let o(r) = 29*r + 457. Determine o(-5).
312
Let l(o) = 26*o + 40. Calculate l(0).
40
Let a(u) = 504*u - 24161. What is a(48)?
31
Let a(u) = 23*u**2 + 694*u - 694. Calculate a(1).
23
Let w(j) = -11*j**2 + 7*j + 14. What is w(-5)?
-296
Let i(b) = 4*b**2 - 37*b - 14. What is i(13)?
181
Let w(l) = 61*l**3 - l**2 - 28*l + 47. What is w(2)?
475
Let v(s) = -s**3 - 6*s**2 + 29*s - 26. Determine v(2).
0
Let k(j) = -20*j + 866. Give k(36).
146
Let i(w) = -7100*w + 127800. What is i(18)?
0
Let j(t) = 2*t**2 - 58*t + 293. Calculate j(23).
17
Let n(h) = 4*h**2 - 34*h - 12. Determine n(13).
222
Let a(w) = 4*w**3 + 20*w**2 - 26*w + 2. Give a(-6).
14
Let u(i) = 17*i**2 + 60*i + 5. Calculate u(-4).
37
Let l(c) = -3*c**3 - 136*c**2 - 181*c - 62. Calculate l(-44).
158
Let j(v) = -v**2 + 120*v + 4839. Give j(-32).
-25
Let s(a) = -a**3 + 17*a**2 - 33*a + 10. What is s(14)?
136
Let a(r) = -r**3 + 13*r**2 - 27*r + 85. Determine a(11).
30
Let v(p) = p**2 - 55*p - 549. Calculate v(-9).
27
Let r(u) = u**3 - 13*u**2 + 10*u - 33. Give r(5).
-183
Let w(v) = -v**3 - 29*v**2 - v - 26. What is w(-29)?
3
Let w(v) = -159*v**2 - 38*v - 68. Calculate w(-2).
-628
Let h(r) = -r**3 - 39*r**2 - r + 26. Calculate h(-39).
65
Let k(m) = -284*m**2 + 42*m - 41. Give k(1).
-283
Let z(q) = -q**2 + 11*q + 17. Calculate z(15).
-43
Let f(i) = -13*i**3 - 8*i**2 - 40*i - 41. Determine f(-1).
4
Let y(p) = -3*p + 75. Determine y(-8).
99
Let z(r) = -7*r + 291. Determine z(40).
11
Let n(v) = 50*v + 906. What is n(-19)?
-44
Let t(b) = -b**3 + 30*b**2 + 25*b - 2. Determine t(31).
-188
Let n(x) = -1586*x + 4757. What is n(3)?
-1
Let h(s) = -s**3 + 7*s**2 - 4*s - 90. What is h(5)?
-60
Let o(c) = 41*c**2 - 6685*c + 321. Calculate o(163).
-5
Let c(x) = x**2 - 20*x - 38. Give c(24).
58
Let x(f) = 93*f - 1116. Calculate x(12).
0
Let s(i) = -i**2 - 55*i - 586. What is s(-41)?
-12
Let g(r) = r**2 - 39*r + 555. Determine g(28).
247
Let s(w) = -w**3 + 28*w**2 + 42*w - 3618. Calculate s(23).
-7
Let w(f) = f**3 + 16*f**2 + 15*f - 254. What is w(-16)?
-494
Let y(d) = -36*d**2 + 17*d - 29. Determine y(2).
-139
Let s(c) = -6*c**3 - 7*c**2 + 10. Calculate s(2).
-66
Let m(b) = 10*b + 19. Give m(-4).
-21
Let n(u) = 186*u + 203. What is n(-6)?
-913
Let d(u) = -152*u + 1070. What is d(7)?
6
Let s(u) = 5*u**2 + 141*u + 10. Calculate s(0).
10
Let l(u) = 5*u - 227. Calculate l(11).
-172
Let y(l) = -14*l**2 + 21*l + 34. Calculate y(-